 Let r = 198 - c. What are the prime factors of r?
83
Let i be 1/((-2)/4 + (-8)/(-8)). Suppose i*q - 5*s - 1815 = 0, 5*s - 7*s - 4527 = -5*q. List the prime factors of q.
5, 181
Suppose 4*a - 1279 = -135. List the prime factors of a.
2, 11, 13
Suppose s + 14554 = 3*o, -14550 = -31*o + 28*o + 3*s. List the prime factors of o.
2, 1213
Let z(t) = -15*t**3 + t**2 - 9*t + 2. Let m be z(4). Let s = -545 - m. List the prime factors of s.
433
Let c(f) = -192*f**3 + 109*f**2 + 593*f + 8. What are the prime factors of c(-5)?
2, 2971
Suppose 460*n - 455*n = 0. List the prime factors of ((-33)/22)/(n + (-3)/3844).
2, 31
Let i = -443 - -656. Suppose 18 = 5*x - 7. Suppose 2*y - l = -2*l + i, x*y - 525 = 5*l. What are the prime factors of y?
2, 53
Let k = -16028 - -25015. List the prime factors of k.
11, 19, 43
Let w = -516 + 953. Let b = w - 185. Let j = b - 135. What are the prime factors of j?
3, 13
Let l(r) = -r**3 - 26*r**2 - 20*r - 24. Let a be l(-24). Suppose 4*y = -2*m - 86, -5*m + 15 - 54 = 2*y. What are the prime factors of (a/10)/(y/55)?
2, 3, 29
Suppose 0 = 59*o - 51*o - 8. Let q(m) be the first derivative of 61*m**2 + 1. List the prime factors of q(o).
2, 61
Suppose -2194 = -6*n + 3206. Suppose 16*u - n = 6*u. List the prime factors of u.
2, 3, 5
Let q(d) = 2*d**2 + 325 - 310 + 11*d - d**3 - 5*d**2. Let m be q(-6). Let f = 122 - m. What are the prime factors of f?
5, 13
Suppose 0 = -4*z + 235 - 31. Suppose -48*g + z*g + 144 = 0. Let q = -2 - g. What are the prime factors of q?
2, 23
Suppose 9*a + 129923 = -21*a + 426563. What are the prime factors of a?
2, 3, 103
Suppose -88*w + 8104 = -296992. What are the prime factors of w?
3467
Suppose 2*b + 4*f - 48494 = 0, 192*f - 194*f = -14. List the prime factors of b.
11, 2203
Let y(j) = 9912*j**2 - 87*j - 5. What are the prime factors of y(2)?
29, 1361
Let x be -3*(-2)/(-21) - 6066/(-63). Suppose 7*v - 380 = x. Suppose -151 = -3*s + v. What are the prime factors of s?
73
List the prime factors of (-35)/(-7)*121797/65.
3, 347
Let o be 7*((-18)/21)/((-12)/8). What are the prime factors of (4 - (2 + -8))*6/o?
3, 5
Suppose s = -4*m - 104, -2*s - 133 = -0*m + 5*m. What are the prime factors of -6*(-1 - 3 - m/10)?
3
Let g(f) = 1182*f - 3124. What are the prime factors of g(10)?
2, 1087
Let q = -24 + 37. Suppose q*x - 3045 - 3624 = 0. List the prime factors of x.
3, 19
Let c be -3 - (-8 + (4 - 0)). Let g be c/(1/2 + -1 + 1). Suppose g*j + 5*j - 287 = 0. List the prime factors of j.
41
Let q(d) = d**3 + 6*d**2 - 2*d + 11. Suppose 0 = -354*o + 360*o - 18. What are the prime factors of q(o)?
2, 43
Suppose -114152 = -3*d + 4*a, 6599 = -5*d + 5*a + 196839. List the prime factors of d.
2, 3, 5, 317
Let v(n) = -12*n + 72. Let q be v(34). Let d = 203 - q. What are the prime factors of d?
7, 11
Suppose -57*c + 51*c - 264 = 0. What are the prime factors of (-3190)/(-7) - c/154?
2, 3, 19
Suppose -14652*u + 14670*u = 53064. What are the prime factors of u?
2, 11, 67
Suppose 5*z - 5*w = 4985, 0 = z - 0*w - 3*w - 1007. Let p = -546 + z. What are the prime factors of p?
2, 223
Let k = -215 - -361. Suppose 3*b = b. Suppose -a = -5*u - k, b = -2*u + 1 + 1. List the prime factors of a.
151
Suppose -10*u = -18838 - 13802. What are the prime factors of u?
2, 3, 17
What are the prime factors of 0 + -2 + (5005 - 12)?
7, 23, 31
Let n(b) = 589*b**2 + 196*b + 785. List the prime factors of n(-4).
5, 13, 29
Let d = 66 + -47. Suppose d*q - 95 = 24*q. List the prime factors of -14*(-4 + q/2).
3, 7
Suppose -13*f = -4*f - 18. Suppose -f*s + 8 = 3*t, -4*t + 3 = -5*s - 23. What are the prime factors of 675/5 - (-6)/s?
2, 3, 11
Let j(m) = 706*m**2 - 518*m - 5. List the prime factors of j(5).
5, 3011
Let d = -7655 - -13610. List the prime factors of d.
3, 5, 397
Let u(p) = p**3 + 9*p**2 + 11*p - 4. Suppose -s + q - 2 = -1, 2*s + q = -17. Let j be (s/1)/(-16 - -17). What are the prime factors of u(j)?
2, 19
Let j(v) = 108*v**2 + 5*v + 6. Let o be j(-3). Suppose 4*n - 505 = o. Suppose 2*r + 7 = 3, -3*d = 4*r - n. List the prime factors of d.
5
Suppose 4*d + 847 + 129 = 0. Let c be (285/(-4))/(d/(-128) - 2). Suppose 32 = 9*r - c. List the prime factors of r.
2, 11
Let o(l) be the third derivative of 0*l - 11*l**2 + 3/2*l**3 - 1/60*l**6 + 5/24*l**4 + 0 - 1/10*l**5. What are the prime factors of o(-5)?
2, 3, 7
Suppose 0 = 2*c - 5*a - 1599, 5*c - 900 = -5*a + 3010. Let f = -549 + c. List the prime factors of f.
2, 7, 17
Let y(d) = d**2 + 344*d + 150. What are the prime factors of y(47)?
97, 191
Let k(i) = 32*i - 1 + 49*i - 1 - 14*i + 5*i. Let a be -3*(-8)/12*1. What are the prime factors of k(a)?
2, 71
Suppose 4*u + 12 = 0, -177*i + 174*i + 2*u = -130713. What are the prime factors of i?
3, 47, 103
Suppose -1560090 = -149*c + 44*c. List the prime factors of c.
2, 17, 19, 23
Let s be 6/27 + (-215)/(-45) + 4408. Let p = s + -2692. What are the prime factors of p?
1721
Let q(n) = -3*n + 3. Let o be q(0). Let i(k) = 20*k - 106. Let b be i(5). What are the prime factors of 33 - 2*o/b?
2, 17
Let m be (17 - 2)/((-2)/8*-6). Let h = m - 8. Suppose 3*z - 20 = -f, -h*z + 5*z - 3*f = 36. What are the prime factors of z?
2
Suppose 5*i - 4*f - 19 = 0, 4*i - 3*f - 17 = 2*f. Suppose -4*c = -i*t + 204, 1 = 2*c + 7. Let s = t - 2. List the prime factors of s.
2, 31
Let p(k) = -14*k - 12. Let g be p(-12). Suppose 4*b + 14 + 6 = 0, -20 = 4*a + 4*b. Suppose a*t - 5*q - 154 = -t, g = t - 3*q. List the prime factors of t.
3, 53
Suppose -3*v - 32742 = -4*c, -185*c + 5*v - 24542 = -188*c. List the prime factors of c.
2, 3, 11, 31
Suppose 0 = 5*y - 30771 + 7311. What are the prime factors of y?
2, 3, 17, 23
Let z = 52743 - 31411. What are the prime factors of z?
2, 5333
Let s(d) = 6 - d**2 - d + 0 + 3*d + d. Let q be s(11). What are the prime factors of -37*(8/52 - q/(-26))?
3, 37
Let l = -94 - -99. What are the prime factors of ((-8)/20)/((-3)/l)*582?
2, 97
Suppose -4*p + 37*p = 33. Suppose 5*z + 1461 - 156 = 0. What are the prime factors of -1 + z/(-3) + (p - 4)?
83
Let n be (-10 + 10)/(-2 - 0/1). Suppose n = 4*x + 6*x. Suppose -4*t + 502 - 154 = x. List the prime factors of t.
3, 29
Let v = -322 - -693. Suppose 12*k - 1505 = -4*y + 11*k, y + 2*k = v. List the prime factors of y.
13, 29
Suppose -2*l + 18988 = o - 24205, 3*l = -15. List the prime factors of o.
3, 14401
Let t(c) = -2*c**3 - 8*c**2 - 8*c - 1. Let i be t(-5). Let u = -399 + i. Let j = u + 445. List the prime factors of j.
3, 5
Let s be ((-5)/3)/(-5) + (-105)/(-9). Suppose 15 = -9*h - s. What are the prime factors of 18/(-12)*4/h?
2
Suppose 4*c - 64 = -0*c. Let x = 18 + -20. Let l = c + x. What are the prime factors of l?
2, 7
Suppose -126019 = 65*j - 959824 + 17015. List the prime factors of j.
2, 61, 103
Let k(q) = 218*q - 520. List the prime factors of k(47).
2, 3, 1621
Let m be 0/(-2) - (-2 - -5 - 7). What are the prime factors of (24/20)/(m/870)?
3, 29
List the prime factors of (0 - (6 - 1)) + (17257 - -11).
61, 283
Let i = -214 - -214. Suppose 4*z - 9*z + 4645 = i. List the prime factors of z.
929
Let y(w) be the second derivative of w**3/6 - 11*w**2 + 8*w. Let j be y(10). Let o(n) = n**2 - 2*n - 13. List the prime factors of o(j).
5, 31
Let a(b) = b**2 + 54*b + 16. Let m(j) = -107*j - 33. Let p(h) = 5*a(h) + 2*m(h). What are the prime factors of p(-18)?
2, 313
Suppose 0 = 2*a - 0*a + 8. Let z(y) = y + 1. Let c be z(a). List the prime factors of (-942)/(-8) - c/12.
2, 59
Suppose -2*z - 2*c = -0*c - 90, -3*z - c + 129 = 0. Let k = 11 + -5. Suppose -n - x = -k*x - z, 2*n - 58 = -3*x. What are the prime factors of n?
2
Suppose -5423 = -11*c + 10340 + 63954. List the prime factors of c.
7247
Suppose 5*h - 98379 = -3*j, 5*h + 65511 = -4*j + 6*j. What are the prime factors of j?
2, 3, 607
Suppose -7*w + 48 = -15*w. Let b be -136 - 16/12*w/(-4). Let t = 200 + b. List the prime factors of t.
2, 31
Suppose -35*f - 624 = -37*f. List the prime factors of f.
2, 3, 13
Let c = -138 + 242. Let a = c - 24. List the prime factors of a.
2, 5
Suppose l - h = 2683, 282*h - 10774 = -4*l + 279*h. What are the prime factors of l?
2689
Let x be -1 - 504/51 - 4/34. What are the prime factors of 383 + 0 + 14 + x?
2, 193
Let u(w) = -10*w - 8. Let i be u(-2). Let k be 219/(-2)*(16/i - 2). What are the prime factors of 0/(28/4